1
Suppose 4*w - 8 = 0, 21 = 4*t + 5*w - 61. Let o = 20 - t. Suppose -147 = -g - o*g. What are the prime factors of g?
7
Let r(j) = -j**2 + 20*j + 9. Let o be (0 - (-6 + 2)) + 10. What are the prime factors of r(o)?
3, 31
Let l(m) be the third derivative of 17*m**5/10 + 7*m**4/6 + 44*m**3/3 - 65*m**2. What are the prime factors of l(-4)?
2, 3, 67
Let n = 2512 + -1389. Let a = -633 + n. List the prime factors of a.
2, 5, 7
Let c(d) = -604*d + 759. List the prime factors of c(-14).
5, 19, 97
Let x(v) = v**3 + 8*v**2 + 3*v - 5. Let f be x(-5). Let h = -8885 + 8907. Let m = f - h. What are the prime factors of m?
3, 11
Suppose -20 = 3*x - 13*x. List the prime factors of (-19 + x)/(3/(-24)).
2, 17
Suppose 0 = -2*z - 13*z + 15930. Let c = 1599 - z. What are the prime factors of c?
3, 179
What are the prime factors of (-6 + 10631/(-4))/(2/(-16))?
2, 5, 2131
Let p(j) = j**2 + 14*j + 23. Let k be p(-9). Let t = 24 + k. List the prime factors of (2/t)/(2/162).
3
Let u(a) = a + 11. Let l be u(-11). Suppose l*n + 1107 = n + o, 2*o = -3*n + 3320. What are the prime factors of n?
2, 7, 79
Suppose 3*u - y = 2*u - 15, 5*u = -y - 63. List the prime factors of (-4)/2 - 5044/u.
2, 193
Let g = 6 + -7. List the prime factors of 2 + ((-2985)/10)/(g/4).
2, 13, 23
Suppose -3*w = -12, 29 = 3*m - 3*w - 43. Suppose m = -6*f + 142. Suppose -21*c + f*c = -240. What are the prime factors of c?
2, 3, 5
Suppose 61*k - 298094 + 49879 = 94971. List the prime factors of k.
2, 29, 97
Suppose -2*f = -47 - 15. Suppose 5*s - 3 = 4*x - f, 5*x = -3*s + 35. Suppose x*i + 877 = 2291. List the prime factors of i.
2, 101
Suppose -2*x + 1642 = -468. Suppose 0 = -5*r - p + 22, -4*r + 3*p + 32 = -p. Suppose r*b + w = x, 708 + 337 = 5*b + 3*w. What are the prime factors of b?
2, 53
Let s be 162 + (-1 - (-1 + -2)). Let r = -247 - -387. Suppose -g + 5*q + r - 45 = 0, 2*g + 3*q - s = 0. What are the prime factors of g?
5, 17
Let s(t) = 805 + 4*t**2 - t - 804 + 0*t**2. What are the prime factors of s(-3)?
2, 5
Suppose 0 = 242*j - 187*j - 288805. List the prime factors of j.
59, 89
Suppose -30*q + 5*w - 3434 = -31*q, -2*w = -2*q + 6868. What are the prime factors of q?
2, 17, 101
Let p(r) = 143*r + 2548. Let w be p(-18). Suppose 3*v + 203 = 35. Let t = w - v. What are the prime factors of t?
2, 3, 5
Let s(f) = -13*f**2 - 221*f - 51. Let p(t) = -6*t**2 - 110*t - 25. Let k(d) = -5*p(d) + 2*s(d). List the prime factors of k(-29).
3, 5, 17
Let t be 8925/(-90) + (3/(-18))/(-1). List the prime factors of 454 - (22/t - (-20)/9).
2, 113
Suppose 6 = -i, -4*k - 530 = -3*i - 7016. What are the prime factors of k?
3, 7, 11
Let d(s) = s**3 + 32*s**2 - 28*s - 4. List the prime factors of d(-29).
3331
Suppose -5*p + 10 = 0, -p = -o + 11 + 23. List the prime factors of 69/(258/o + -4 + -3).
2, 3, 23
Let i(f) = -350*f**3 + 13*f**2 - 30*f - 98. List the prime factors of i(-4).
2, 5, 31, 73
Let g(f) = -f + 24. Let i = -17 - -5. Let u be g(i). Let m = 64 - u. List the prime factors of m.
2, 7
Let t = -17 + 49. Let z = -28 + t. List the prime factors of 30 + 0/((-16)/z).
2, 3, 5
List the prime factors of ((-1)/((-5)/(-15020)))/(11/(-22)) - 5.
3, 23, 29
Suppose 15*o = 4*h + 14*o - 26102, -h + 6520 = -3*o. List the prime factors of h.
2, 13, 251
Let w = 58544 - 13772. List the prime factors of w.
2, 3, 7, 13, 41
Let h(y) = -2*y**2 + 3*y + 20. Let w = 71 + -61. Let z be h(w). Let o = 51 - z. What are the prime factors of o?
3, 67
Suppose 4*f = -5*l + 8932, -2*l + 2*f + 3175 = -405. What are the prime factors of l?
2, 3, 149
List the prime factors of (-2 + -12)*21/((-1029)/103040).
2, 5, 23
Let y = 86932 + -47822. List the prime factors of y.
2, 5, 3911
Let z = -109 - -116. Suppose 2*a - 103 = -g, 3*g - a + 426 = z*g. What are the prime factors of g?
107
Let j = 3381 + 3404. What are the prime factors of j?
5, 23, 59
Let y(w) be the second derivative of 5*w**3/3 - 11*w**2/2 - 20*w. Suppose 4*h - 47 = -s, 0 = h + 4*h - 5*s - 65. What are the prime factors of y(h)?
109
Suppose 0 = -2*c + 4*i + 3378, 40*i - 45*i = 2*c - 3369. What are the prime factors of c?
7, 241
Let t be (450/(-4))/(-15) - 6/(-4). Suppose 4*h - 4*z = z + 5, t = 3*z. What are the prime factors of 8/h*110*(-2)/(-8)?
2, 11
Suppose -635482 = -140*r + 218462 - 209944. What are the prime factors of r?
2, 5, 23
Let v = 58 - 53. Suppose -3*q - 3*y = -2352, -v*q + q + 3136 = -5*y. List the prime factors of q/17 - (-4 - (-210)/51).
2, 23
Suppose -5*t - 204588 = -32143. List the prime factors of (2 + 2)*(t/(-14))/13.
2, 379
What are the prime factors of -1692*(2904/(-286) - (-2)/13)?
2, 3, 5, 47
Let i be (162/8)/((-54)/(-144)). Let w = -16 + 18. List the prime factors of 3/(w - 106/i).
3
List the prime factors of 10162/(-6)*81/(-459) + (-4)/(-34).
13, 23
Let t be 10/4*8/10. Suppose -4*a - 2*o + 636 = t*o, 0 = -3*a + o + 481. Suppose 6*y + a = 11*y. What are the prime factors of y?
2
Let n(l) = -2*l**3 + 13*l**2 - 7*l + 4. Let g be n(6). Let k be g/(-12) + 70/12. Suppose -k*s = -212 - 16. What are the prime factors of s?
2, 19
Let p = 10 - 22. Let h(m) = -m**3 - 10*m**2 + 17*m + 30. What are the prime factors of h(p)?
2, 3, 19
Let q(h) = -2841*h - 1350. List the prime factors of q(-3).
3, 797
Let x(m) = -m**3 + 11*m**2 + 68*m - 18. Let c be x(15). Suppose c + 454 = 2*d. List the prime factors of d.
2, 139
Let y(v) = 11*v**2 - 13*v. Let l be y(-7). Suppose 5*s = 23*s - l. What are the prime factors of s?
5, 7
Let h(t) = -2*t**2 + 16*t + 72. Let v be h(12). Let l(c) = 2*c**2 + 24*c + 139. What are the prime factors of l(v)?
5, 11, 13
List the prime factors of (270 - (-11 - -6)) + 8.
283
Suppose -118*l + 199*l - 228177 = 0. List the prime factors of l.
3, 313
Suppose 431 + 261 = -2*j - k, -3*k = -5*j - 1719. Let f = -595 - j. Let m = f - -412. List the prime factors of m.
2, 3
Let t be (1 - 0)*((-12)/(-3) + 5812). Suppose -11*m + 542 = -t. List the prime factors of m.
2, 17
Let d = -97 + 82. Let c be (-6)/15*d/6. What are the prime factors of ((-972)/15)/4*c*-5?
3
Let q(r) be the first derivative of r**2 - 195*r + 4. Let b be q(0). Let x = b + 289. List the prime factors of x.
2, 47
Let k = 51 - 41. Suppose -k*v = -7*v - 99. Suppose -v - 91 = -2*j. List the prime factors of j.
2, 31
Let q(j) = 60*j - 847. What are the prime factors of q(22)?
11, 43
Let q(l) be the first derivative of -11*l**2/2 - 37*l + 1. Let y = -12 + 7. What are the prime factors of q(y)?
2, 3
Suppose 0*a = -3*a - 4*u + 51, 4*u - 9 = -a. Suppose -20*z + a*z - 416 = 0. What are the prime factors of z?
2, 13
Let c(k) be the first derivative of 2*k**3/3 + k**2 - 111. List the prime factors of c(-14).
2, 7, 13
Let s(r) = r**2 - 2*r - 5. Let t be s(4). Suppose -114 = t*p - 3*a, -p - 37 = -3*a + 7. Let l = p + 40. What are the prime factors of l?
5
Suppose 7*v - 4*v = -12. Let h be 51/(10/v + 1). List the prime factors of ((-153)/h)/(2/12).
3
Suppose -776*z + 772*z = -3*t - 28606, -5*z = -4*t - 35759. What are the prime factors of z?
7, 1021
Suppose -33 + 5 = -2*o. Suppose 0 = o*s - 20*s + 1116. Suppose s = 5*y - w, -3*y + 2*w + 126 = 5*w. What are the prime factors of y?
2, 19
Suppose g - 45 - 13 = 0. Let c = -2 + g. Suppose 0 + 2 = r, -k - 2*r = -c. List the prime factors of k.
2, 13
Let b = 30420 - 13242. What are the prime factors of b?
2, 3, 7, 409
Suppose 7*i = 19*i - 84. Let w(p) = 41*p - 1. What are the prime factors of w(i)?
2, 11, 13
Let i = 5016 + -3545. List the prime factors of 8 + (-154)/21 + i/3.
491
Suppose 5*d = l + 25, -l + 0 + 7 = 3*d. Suppose -2*p - 668 = -2*a, -p = a - d*p - 342. What are the prime factors of a?
2, 3, 5, 11
Suppose 5*r - 9 = -3*u, 3*r - 2*r = 4*u - 12. Let i be (r + 3)*10*(-4)/(-60). List the prime factors of (i + 1)*994/21.
2, 71
Let k = 30294 - 3722. List the prime factors of k.
2, 7, 13, 73
Suppose -38*l + 21907 + 163079 = -524018. List the prime factors of l.
2, 19, 491
Let q = -470 + 812. Suppose -3042 = -6*b + q. What are the prime factors of b?
2, 3, 47
Let g = -13787 + 22819. List the prime factors of g.
2, 1129
Let h = 148 - 88. Suppose 6*d = d + h. List the prime factors of d.
2, 3
Let a = -13 + 21. Let n = a + -6. Suppose -n*o = -139 - 93. List the prime factors of o.
2, 29
Suppose -3*t - 14 = 7*m - 2*m, -3 = t. Let w be 36/30*m*(-30)/9. What are the pr